{"id":4367,"date":"2021-06-04T11:03:44","date_gmt":"2021-06-04T11:03:44","guid":{"rendered":"https:\/\/www.sktperfectdemo.com\/demos\/pizzaordering\/?page_id=4367"},"modified":"2025-04-22T19:11:23","modified_gmt":"2025-04-22T19:11:23","slug":"home","status":"publish","type":"page","link":"https:\/\/schoolbusdiner.de\/","title":{"rendered":"Home"},"content":{"rendered":"<p>Sie planen eine Feierlichkeit, egal welcher Art dann sind wir der richtige Ansprechpartner. Wir sorgen mit unserem mobilen Restaurant f\u00fcr die Verk\u00f6stigung Ihrer G\u00e4ste.<\/p>\n<p>Unser Angebot umfasst folgende Speisen, Bratwurst im Br\u00f6tchen, Currywurst, Pommes, Kartoffelecken \u00b4Wedges\u00b4, Holl\u00e4ndische Frikandel, Nackensteak im Br\u00f6tchen, Krakauer, Backfisch, Burger, Hot Dogs, Gyros, uvm.<\/p>\n<p>Gerne erstellen wir Ihnen ein unverbindliches Angebot. Der Preis errechnet sich wie folgt, Sie w\u00e4hlen die Speisen aus die Sie m\u00f6chten und teilen uns die Anzahl der G\u00e4ste mit und den Veranstaltungsort. Daraus resultiert der Preis der je Gast berechnet wird jeder Gast kann so viel verzehren wie er m\u00f6chte \u00b4Flatrate\u00b4 ab 12 \u20ac pro Person.<\/p>\n<p>Bei Fragen stehen wir Ihnen sehr gerne zu Verf\u00fcgung.<\/p>\n<p>Das Event Worker Team freut sich auf Ihre Anfrage.<\/p>\n\n\n<p><\/p>\n","protected":false},"excerpt":{"rendered":"<p>Sie planen eine Feierlichkeit, egal welcher Art dann sind wir der richtige Ansprechpartner. Wir [&hellip;]<\/p>\n","protected":false},"author":1,"featured_media":0,"parent":0,"menu_order":0,"comment_status":"closed","ping_status":"closed","template":"templates\/page-builder.php","meta":{"footnotes":""},"class_list":["post-4367","page","type-page","status-publish","hentry"],"_links":{"self":[{"href":"https:\/\/schoolbusdiner.de\/index.php?rest_route=\/wp\/v2\/pages\/4367","targetHints":{"allow":["GET"]}}],"collection":[{"href":"https:\/\/schoolbusdiner.de\/index.php?rest_route=\/wp\/v2\/pages"}],"about":[{"href":"https:\/\/schoolbusdiner.de\/index.php?rest_route=\/wp\/v2\/types\/page"}],"author":[{"embeddable":true,"href":"https:\/\/schoolbusdiner.de\/index.php?rest_route=\/wp\/v2\/users\/1"}],"replies":[{"embeddable":true,"href":"https:\/\/schoolbusdiner.de\/index.php?rest_route=%2Fwp%2Fv2%2Fcomments&post=4367"}],"version-history":[{"count":6,"href":"https:\/\/schoolbusdiner.de\/index.php?rest_route=\/wp\/v2\/pages\/4367\/revisions"}],"predecessor-version":[{"id":4595,"href":"https:\/\/schoolbusdiner.de\/index.php?rest_route=\/wp\/v2\/pages\/4367\/revisions\/4595"}],"wp:attachment":[{"href":"https:\/\/schoolbusdiner.de\/index.php?rest_route=%2Fwp%2Fv2%2Fmedia&parent=4367"}],"curies":[{"name":"wp","href":"https:\/\/api.w.org\/{rel}","templated":true}]}}